= -2*x + 5. Let k(w) = -w + 2. Let v(n) = 4*i(n) - 11*k(n). List the prime factors of v(22).
2
Let a = 865 - 514. Let h = a - 158. What are the prime factors of h?
193
Let v(u) = u**3 + 1. Let s(m) = -3*m**3 - m**2 + m + 98. Let w(f) = s(f) + 4*v(f). What are the prime factors of w(0)?
2, 3, 17
Suppose 2191 = 19*a + 310. List the prime factors of a.
3, 11
Suppose 0 = r + 6 - 10. Suppose r*i = i. Suppose s = 4*n + 18, -9 + i = s + 5*n. List the prime factors of s.
2, 3
Let n be 5*(-2 + 0 + 3). Suppose -4*i - i = -3*m + 8, -4*i + m - n = 0. List the prime factors of 10/((2/(-5))/i).
5
Suppose 5*j - 3*z = -9 - 1, -2*z + 9 = -j. Let b be j*((-1 - 0) + 10). Let d = 47 - b. What are the prime factors of d?
2, 19
Let a be (-8)/(-3)*6/(-4). Let u(d) = 67*d - 141*d + 70*d. What are the prime factors of u(a)?
2
Suppose h - 5*g = 676, -4*h + 1310 = 2*g - 1438. What are the prime factors of h?
2, 7
Let v(b) = -88*b + 108. List the prime factors of v(-7).
2, 181
Let i(y) = 25*y**2 + 3*y + 7. What are the prime factors of i(5)?
647
Suppose 34*s - 125272 + 18988 = 0. What are the prime factors of s?
2, 3, 521
Suppose i - 3*i = 0. Suppose 4*n - 16 = -5*f, -n - 11 = 5*f - i*f. Suppose 5*m = 94 - n. List the prime factors of m.
17
Suppose 8*l = 7*l - 38. What are the prime factors of 3/2 + (-6859)/l?
2, 7, 13
Suppose -4*z - 2 = w, 2*z - 3 + 1 = w. Let d = 8 + -8. List the prime factors of 4/1 + w + d.
2
Suppose -1930 = -5*o - 5*i, -i = -3*o - o + 1534. Let m = o - 202. List the prime factors of m.
2, 7, 13
Let q(d) = -2*d**2 - 14*d + 2. Let a be q(-7). Let o(h) = 23*h + 2. Let j be o(2). Suppose -a*w = -20 - j. List the prime factors of w.
2, 17
Suppose -z - 16 = -5*z. Let f(t) = -3*t - 2*t - 10 + z*t. What are the prime factors of f(-15)?
5
Let f(l) = -l + 14. Let p be f(14). Suppose h + 4 - 8 = p. Suppose 0 = h*u - 42 - 74. What are the prime factors of u?
29
List the prime factors of -64 + 1974 - (2 + 8).
2, 5, 19
Let m be (-6)/((2 - 5)/9). List the prime factors of 190/6 - (-24)/m.
3, 11
Let h = -1093 - -2507. List the prime factors of h.
2, 7, 101
Let n(j) = j**2 + 3. Let h be -5 + 8 - (0 + 0). Let q be n(h). Suppose -q = -k + 5. What are the prime factors of k?
17
Let t(d) = -21*d + 2. Let w(x) = 41*x - 4. Let l(a) = 5*t(a) + 2*w(a). What are the prime factors of l(-2)?
2, 3
Let h = 2208 + -1240. What are the prime factors of h?
2, 11
Suppose 13 = 2*f + 2*f - 5*a, 3*a + 3 = 0. Suppose 4*o - 86 = -f*t, 14 + 94 = 3*t - o. Suppose -4*h + 5*c + 121 = -t, 0 = -3*c + 6. List the prime factors of h.
2, 3, 7
Let y = 10 + -7. Suppose -y*f = -u - u - 31, 2*f + 3*u - 25 = 0. What are the prime factors of f?
11
Suppose 0 = 5*i - 2333 - 1652. List the prime factors of i.
797
List the prime factors of (7 - (-68)/(-12))*(-8289)/(-2).
2, 3, 307
Let o be 25*(1*376/20 - 2). Suppose -5*c + o = -0*c. What are the prime factors of c?
2, 3, 7
Suppose s + 2*f - 1101 = -2*f, 4*s = -f + 4419. What are the prime factors of s?
5, 13, 17
Let y(f) = f**2 + 5*f - 7. Let h be (-37)/7 - (-2)/7. Let d be y(h). Let x = d - -9. What are the prime factors of x?
2
Suppose c = -3*r + 228, 3*c + r - 4*r - 684 = 0. Suppose -c = 11*g - 15*g. What are the prime factors of g?
3, 19
Suppose 0 = 2*l - 6*z + 3*z - 243, 0 = -3*l + z + 347. What are the prime factors of l?
2, 3, 19
Let o(w) = 9*w + 9. List the prime factors of o(16).
3, 17
Suppose 5*q = s - 36, -5*s + 5*q + 380 = 120. Suppose -y = -162 - s. What are the prime factors of y?
2, 109
Let b = 15 - 31. Let r = b - -18. Suppose 0 = r*q + 2*h - 70, -3*q + 2*h + 27 = -63. List the prime factors of q.
2
Let l = -13 - 3. Let r = l - -38. Suppose 0 = 5*q - 132 + r. List the prime factors of q.
2, 11
Let k(o) = 10*o**3 + o**2 + 6*o - 14. What are the prime factors of k(3)?
283
Let r be 120/36 - (-2)/3. Suppose 9 = r*q - 7. List the prime factors of (-42)/(-28)*q*5.
2, 3, 5
Suppose c - j - 566 = -2*j, c = 3*j + 566. What are the prime factors of c?
2, 283
List the prime factors of (251 - 1) + 1/((-10)/40).
2, 3, 41
Let f(a) be the second derivative of a**5/20 - 5*a**4/6 - 5*a**3/3 + a**2 + 11*a. List the prime factors of f(11).
13
What are the prime factors of (2 + (-612)/9)*5/(-2)?
3, 5, 11
What are the prime factors of 7 + (0 - -3)*(-3380)/(-12)?
2, 3, 71
Suppose 8*f - 4*f = 28. What are the prime factors of f/((3/10)/((-12)/(-10)))?
2, 7
What are the prime factors of (204/(-170))/((-6)/7870)?
2, 787
Let i(y) = 40*y + 901. List the prime factors of i(64).
3461
Suppose -2*f - 2*f + 24 = 0. Suppose 9 = k + 4*k + 2*b, 5*k + 4*b - 3 = 0. Let h = k + f. List the prime factors of h.
3
Suppose 4*h - 4864 = -4*k, -4*h = 3*k - 7107 + 2241. List the prime factors of h.
2, 3, 7, 29
Let c = -2 + -9. Let r = -10 - c. List the prime factors of r/(4/(76*1)).
19
Let o = -40 + 20. Let z = o - -20. List the prime factors of (42 - (z - 1)) + 1.
2, 11
Let s(u) be the second derivative of -u**6/40 - u**5/20 + u**4/3 - u. Let w(x) be the third derivative of s(x). What are the prime factors of w(-4)?
2, 3, 11
What are the prime factors of (86437/(-61))/(2/(-2))?
13, 109
Let h = -50 + 71. Let q be (-1)/11 - 390/66. List the prime factors of (-111)/(-21) + q/h.
5
Let m(o) be the second derivative of -o**4/12 + 5*o**3/2 - 5*o**2 - 5*o. Let c be m(14). Suppose x - c = 4. What are the prime factors of x?
2
Let k(l) = l**3 - 18*l**2 - 2*l + 41. Let j be k(18). Suppose 0 = 4*m + j*z - 684, 3*m - z = 2*m + 171. List the prime factors of m.
3, 19
Suppose -j - 2*j = -6. Suppose 0 = 2*b - 2, b - 292 = -j*v - v. List the prime factors of v.
97
Let u be 3/(-3 - (-27)/6). Suppose 0 = -q - 2*s - 3, -u*s + 0 = 3*q - 7. Suppose 5*l - 5 = 0, -2*d + q*l + 1 = d. List the prime factors of d.
2
Let q be ((-1272)/(-30))/(6/15). Suppose -q = -h + 3*k, 0*k = -2*k + 4. List the prime factors of h.
2, 7
Let k(s) = 45*s**3 - 2*s**2 - 15*s + 35. List the prime factors of k(2).
3, 7, 17
Let o(s) = s**3 + 10*s**2 - s - 5. Let j be o(-10). Suppose -3*u - j*m = -190 - 10, -u - 3*m + 60 = 0. Suppose -2*q + u = q. What are the prime factors of q?
5
Let g = 466 + -33. What are the prime factors of g?
433
Let n(b) = -16*b - 5*b**2 + 4*b**2 - b - 6*b - 15. List the prime factors of n(-16).
97
Suppose -6*p + 4004 = 16*p. What are the prime factors of p?
2, 7, 13
Suppose -h - h = -3*k - 249, 2*k + 166 = -2*h. Let g = 134 + k. What are the prime factors of g?
3, 17
List the prime factors of (34*9/5)/((-10)/(-25)).
3, 17
Let a(h) be the second derivative of -h**5/20 - h**4/3 - h**3/3 + h**2 - 9*h. What are the prime factors of a(-4)?
2, 5
Let v(b) = -b**3 + 10*b**2 + b - 7. Let x = 33 + -23. Let n be v(x). Suppose 0 = n*t + 3*o - 51, o = 3*o - 10. What are the prime factors of t?
2, 3
Suppose -4*i + 2 = u + 5, 5*u = -3*i + 53. Suppose -5*c + 7 = -u. Suppose -c*b = 10 + 2, 3*s - 27 = 5*b. What are the prime factors of s?
2
Suppose i - 3455 = -5*n, 12*i - 7*i - 17217 = 4*n. List the prime factors of i.
5, 13, 53
Suppose b - 4*b + 18 = -3*f, -2*f = 4*b. Suppose 0 = b*p - u - 32, -3*p + 13 + 35 = -u. What are the prime factors of p?
2
Let y(s) = -s - 7. Let x be y(-11). Suppose 3*u + 0*a + 2*a = 606, -5*u + 1008 = x*a. List the prime factors of (-2)/3*u/(-8).
17
Let x(f) = 10*f**2 - 20*f + 11. Let b be x(15). Suppose 9*r - b = 559. Suppose 0 = -5*o + r - 110. List the prime factors of o.
2, 17
Let z(p) = 32*p - 647. List the prime factors of z(31).
3, 5, 23
Let h = 50 + -2. Suppose -3*l - h = -3*j, -44 = -j - 2*j + 2*l. List the prime factors of j.
2, 3
Let i(r) = 4*r**3 - 24*r - 5. Let v be i(7). Suppose 6*h + 281 = v. List the prime factors of h.
3, 17
Let z = 74 + -47. List the prime factors of (-18)/z*(-147)/1.
2, 7
Let i(r) = -r**3 - 9*r**2 + 9*r + 9. Let b be i(-8). Let q = b + 237. List the prime factors of q.
2, 5, 11
Let l = -23 + 41. What are the prime factors of 3*(9/(-12))/(l/(-832))?
2, 13
Let k = -27 + 29. Let o be k/5 - 72/(-45). Suppose -d = -2, -h + o*d + 9 = -16. List the prime factors of h.
29
Let f = 127 - 75. Suppose f = -u + 133. List the prime factors of u.
3
What are the prime factors of (391 - -1) + 4 + 1 + -1?
2, 3, 11
Let m be (48/15)/((-1)/(-25)). Let q be m/6 - 4/12. Let z(n) = n**2 - 10*n + 4. What are the prime factors of z(q)?
43
Let i(t) = -t**3 - 35*t**2 - 42*t + 7. What are 